 is divided by 152466.
71
Calculate the remainder when 929020 is divided by 294.
274
Calculate the remainder when 375773 is divided by 692.
17
What is the remainder when 35339227 is divided by 220?
187
What is the remainder when 34372415 is divided by 2644031?
12
Calculate the remainder when 3468558 is divided by 80.
78
Calculate the remainder when 365106940 is divided by 9.
7
What is the remainder when 16793 is divided by 3344?
73
Calculate the remainder when 66413 is divided by 181.
167
Calculate the remainder when 171563 is divided by 3989.
36
Calculate the remainder when 3408197 is divided by 361.
357
What is the remainder when 16635260 is divided by 19710?
20
What is the remainder when 9665601 is divided by 136135?
16
Calculate the remainder when 1141700 is divided by 2885.
2125
Calculate the remainder when 86257525 is divided by 68.
1
What is the remainder when 823289 is divided by 266?
19
What is the remainder when 1350903 is divided by 391?
389
Calculate the remainder when 437363 is divided by 109274.
267
What is the remainder when 108093 is divided by 6507?
3981
What is the remainder when 571810 is divided by 625?
560
Calculate the remainder when 208375 is divided by 68215.
3730
Calculate the remainder when 242482 is divided by 40251.
976
What is the remainder when 3750888 is divided by 16?
8
What is the remainder when 5396166 is divided by 2698082?
2
Calculate the remainder when 612631 is divided by 10286.
5757
What is the remainder when 18005 is divided by 1284?
29
Calculate the remainder when 3590802 is divided by 2239.
1685
Calculate the remainder when 1277487 is divided by 255497.
2
Calculate the remainder when 26317 is divided by 1001.
291
What is the remainder when 29126150 is divided by 1680?
1670
Calculate the remainder when 35405 is divided by 590.
5
Calculate the remainder when 9632015 is divided by 294.
281
Calculate the remainder when 47582234 is divided by 20.
14
Calculate the remainder when 6041014 is divided by 747.
25
What is the remainder when 4999488 is divided by 416?
0
What is the remainder when 1348911 is divided by 269774?
41
What is the remainder when 373129827 is divided by 2372?
2367
What is the remainder when 176129 is divided by 847?
800
Calculate the remainder when 18544433 is divided by 1855.
1853
What is the remainder when 254980 is divided by 2742?
2716
Calculate the remainder when 38863 is divided by 31643.
7220
What is the remainder when 91348259 is divided by 212?
3
What is the remainder when 14887 is divided by 2377?
625
What is the remainder when 18661897 is divided by 72?
1
Calculate the remainder when 60613639 is divided by 118.
107
Calculate the remainder when 266548 is divided by 1745.
1308
What is the remainder when 258461 is divided by 68?
61
What is the remainder when 12990382 is divided by 3247594?
6
Calculate the remainder when 68930 is divided by 9822.
176
Calculate the remainder when 18228 is divided by 5453.
1869
Calculate the remainder when 259166 is divided by 50916.
4586
What is the remainder when 6064645 is divided by 10227?
34
Calculate the remainder when 281739 is divided by 281731.
8
What is the remainder when 20578514 is divided by 76?
70
Calculate the remainder when 113090 is divided by 7720.
5010
Calculate the remainder when 163087 is divided by 4008.
2767
Calculate the remainder when 55875161 is divided by 4.
1
What is the remainder when 6466480 is divided by 2155493?
1
Calculate the remainder when 5626192 is divided by 169.
13
Calculate the remainder when 183531 is divided by 1423.
1387
What is the remainder when 1077645 is divided by 13995?
30
What is the remainder when 582362 is divided by 4190?
4142
Calculate the remainder when 205959207 is divided by 2015.
12
What is the remainder when 3381575 is divided by 3423?
3074
What is the remainder when 271986263 is divided by 1433?
1430
Calculate the remainder when 1144949 is divided by 898.
897
Calculate the remainder when 1089478 is divided by 7368.
6382
What is the remainder when 3764480 is divided by 6212?
8
Calculate the remainder when 640313 is divided by 1303.
540
What is the remainder when 25199815 is divided by 388?
379
Calculate the remainder when 10037829 is divided by 12.
9
Calculate the remainder when 643915 is divided by 401.
310
Calculate the remainder when 29265 is divided by 1798.
497
What is the remainder when 29127 is divided by 319?
98
What is the remainder when 15122532 is divided by 42479?
8
Calculate the remainder when 29861475 is divided by 137.
133
Calculate the remainder when 20418838 is divided by 585.
583
Calculate the remainder when 58147 is divided by 11504.
627
What is the remainder when 20983341 is divided by 99?
93
What is the remainder when 192637 is divided by 8755?
27
Calculate the remainder when 691445 is divided by 4617.
3512
Calculate the remainder when 276075 is divided by 221.
46
Calculate the remainder when 39703 is divided by 1993.
1836
What is the remainder when 260225136 is divided by 2660?
2656
Calculate the remainder when 668622 is divided by 7038.
12
What is the remainder when 9117416 is divided by 97?
95
What is the remainder when 9951979 is divided by 14?
9
Calculate the remainder when 183031 is divided by 1560.
511
What is the remainder when 953351 is divided by 112?
7
Calculate the remainder when 1662903 is divided by 237551.
46
Calculate the remainder when 48313 is divided by 2682.
37
Calculate the remainder when 396481 is divided by 9279.
6763
What is the remainder when 265239 is divided by 173?
30
What is the remainder when 179336 is divided by 179281?
55
What is the remainder when 1855545 is divided by 206102?
627
What is the remainder when 9191232 is divided by 133?
1
Calculate the remainder when 425673 is divided by 122.
15
What is the remainder when 60707 is divided by 1350?
1307
What is the remainder when 7281894 is divided by 3640941?
12
What is the remainder when 252058 is divided by 60?
58
What is the remainder when 11080288 is divided by 40?
8
Calculate the remainder when 145670622 is divided by 71.
64
What is the remainder when 52535003 is divided by 7504987?
94
What is the remainder when 17821036 is divided by 6324?
4
Calculate the remainder when 6767104 is divided by 1691776.
0
What is the remainder when 97327 is divided by 32434?
25
What is the remainder when 373851 is divided by 5748?
231
Calculate the remainder when 17167 is divided by 3355.
392
What is the remainder when 20637 is divided by 717?
561
What is the remainder when 672125 is divided by 2043?
2021
Calculate the remainder when 17714099 is divided by 12133.
12052
What is the remainder when 4949049 is divided by 22702?
13
What is the remainder when 7816491 is divided by 1116641?
4
What is the remainder when 11768 is divided by 841?
835
What is the remainder when 33655 is divided by 621?
121
Calculate the remainder when 2173080 is divided by 31044.
0
Calculate the remainder when 2811763 is divided by 19940.
223
Calculate the remainder when 3195331 is divided by 34.
11
Calculate the remainder when 48606 is divided by 4824.
366
What is the remainder when 65225 is divided by 5755?
1920
What is the remainder when 13128694 is divided by 1458743?
7
Calculate the remainder when 6335371 is divided by 265.
16
What is the remainder when 1884483 is divided by 85651?
161
What is the remainder when 227489795 is divided by 28436224?
3
What is the remainder when 4121387 is divided by 171724?
11
What is the remainder when 93173844 is divided by 5131?
15
Calculate the remainder when 283797 is divided by 225.
72
What is the remainder when 389998 is divided by 685?
233
What is the remainder when 17295619 is divided by 174702?
121
Calculate the remainder when 126317 is divided by 198.
191
Calculate the remainder when 3841570 is divided by 74.
8
Calculate the remainder when 9023789 is divided by 9023717.
72
Calculate the remainder when 13501776 is divided by 46.
40
What is the remainder when 201769 is divided by 747?
79
Calculate the remainder when 17371 is divided by 17230.
141
What is the remainder when 12956 is divided by 6457?
42
What is the remainder when 13034879 is divided by 8?
7
What is the remainder when 2523204 is divided by 1647?
0
Calculate the remainder when 373371 is divided by 278.
17
Calculate the rema